{"id":511,"date":"2012-10-08T14:46:55","date_gmt":"2012-10-08T14:46:55","guid":{"rendered":"http:\/\/technistub.org\/?page_id=511"},"modified":"2019-09-14T12:05:34","modified_gmt":"2019-09-14T12:05:34","slug":"comment-ca-marche","status":"publish","type":"page","link":"https:\/\/technistub.org\/?page_id=511","title":{"rendered":"Plan d&rsquo;acc\u00e8s"},"content":{"rendered":"<p>ATTENTION ! Depuis le 30 d\u00e9cembre 2018, le Technistub a chang\u00e9 de locaux, nous avons d\u00e9m\u00e9nag\u00e9 \u00e0 l&rsquo;adresse suivante:<\/p>\n<blockquote>\n<p>Association Technistub<\/p>\n<p>2 rue des Flandres<\/p>\n<p>68100 Mulhouse<\/p>\n<\/blockquote>\n<p>Il s&rsquo;agit du local <strong>5.06<\/strong> du village artisanal de Drouot (dans l&rsquo;ancienne caserne militaire)<\/p>\n<p>\u00c0 partir de <strong>20h30<\/strong>, le portail \u00e0 l&rsquo;entr\u00e9e du village se ferme automatiquement, dans ce cas, il faudra t\u00e9l\u00e9phoner \u00e0 l&rsquo;atelier pour que nous puissions ouvrir.<\/p>\n<p>Le num\u00e9ro de t\u00e9l\u00e9phone fixe de l&rsquo;atelier est le\u00a0<strong><span class=\"_5yl5\">09 84 17 62 91<\/span><\/strong>.<\/p>\n\n\n<figure class=\"wp-block-image\"><img loading=\"lazy\" decoding=\"async\" width=\"1024\" height=\"444\" src=\"http:\/\/technistub.org\/wp-content\/uploads\/2019\/01\/9bd1f833-8644-490b-aa9d-bf923fe5cbcb-1024x444.png\" alt=\"\" class=\"wp-image-3434\" srcset=\"https:\/\/technistub.org\/wp-content\/uploads\/2019\/01\/9bd1f833-8644-490b-aa9d-bf923fe5cbcb-1024x444.png 1024w, https:\/\/technistub.org\/wp-content\/uploads\/2019\/01\/9bd1f833-8644-490b-aa9d-bf923fe5cbcb-300x130.png 300w, https:\/\/technistub.org\/wp-content\/uploads\/2019\/01\/9bd1f833-8644-490b-aa9d-bf923fe5cbcb-768x333.png 768w, https:\/\/technistub.org\/wp-content\/uploads\/2019\/01\/9bd1f833-8644-490b-aa9d-bf923fe5cbcb.png 1387w\" sizes=\"auto, (max-width: 1024px) 100vw, 1024px\" \/><\/figure>\n\n\n\n<p>En attendant, quelques vues du ciel pour mieux situer le local :<\/p>\n\n\n\n<p>\nComme vous pouvez le constater, il y a de la place de stationnement, <strong>et<\/strong> un sens de circulation, merci de le respecter.\n\n<\/p>\n\n\n\n<figure class=\"wp-block-image\"><img loading=\"lazy\" decoding=\"async\" width=\"752\" height=\"618\" src=\"http:\/\/technistub.org\/wp-content\/uploads\/2019\/01\/9606ca76-e765-4684-be4e-c3029aa6a6aa.png\" alt=\"\" class=\"wp-image-3435\" srcset=\"https:\/\/technistub.org\/wp-content\/uploads\/2019\/01\/9606ca76-e765-4684-be4e-c3029aa6a6aa.png 752w, https:\/\/technistub.org\/wp-content\/uploads\/2019\/01\/9606ca76-e765-4684-be4e-c3029aa6a6aa-300x247.png 300w, https:\/\/technistub.org\/wp-content\/uploads\/2019\/01\/9606ca76-e765-4684-be4e-c3029aa6a6aa-158x130.png 158w\" sizes=\"auto, (max-width: 752px) 100vw, 752px\" \/><\/figure>\n\n\n\n<figure class=\"wp-block-image\"><img loading=\"lazy\" decoding=\"async\" width=\"693\" height=\"580\" src=\"http:\/\/technistub.org\/wp-content\/uploads\/2019\/01\/b0013aa1-6fe6-443d-84d3-1162b21c836d.png\" alt=\"\" class=\"wp-image-3436\" srcset=\"https:\/\/technistub.org\/wp-content\/uploads\/2019\/01\/b0013aa1-6fe6-443d-84d3-1162b21c836d.png 693w, https:\/\/technistub.org\/wp-content\/uploads\/2019\/01\/b0013aa1-6fe6-443d-84d3-1162b21c836d-300x251.png 300w, https:\/\/technistub.org\/wp-content\/uploads\/2019\/01\/b0013aa1-6fe6-443d-84d3-1162b21c836d-155x130.png 155w\" sizes=\"auto, (max-width: 693px) 100vw, 693px\" \/><\/figure>\n\n\n\n<p><\/p>\n","protected":false},"excerpt":{"rendered":"<p>ATTENTION ! Depuis le 30 d\u00e9cembre 2018, le Technistub a chang\u00e9 de locaux, nous avons d\u00e9m\u00e9nag\u00e9 \u00e0 l&rsquo;adresse suivante: Association Technistub 2 rue des Flandres 68100 Mulhouse Il s&rsquo;agit du local 5.06 du village artisanal de Drouot (dans l&rsquo;ancienne caserne militaire) \u00c0 partir de 20h30, le portail \u00e0 l&rsquo;entr\u00e9e du village se ferme automatiquement, dans [&hellip;]<\/p>\n","protected":false},"author":1,"featured_media":0,"parent":0,"menu_order":2,"comment_status":"open","ping_status":"open","template":"","meta":{"footnotes":""},"class_list":["post-511","page","type-page","status-publish","hentry"],"_links":{"self":[{"href":"https:\/\/technistub.org\/index.php?rest_route=\/wp\/v2\/pages\/511","targetHints":{"allow":["GET"]}}],"collection":[{"href":"https:\/\/technistub.org\/index.php?rest_route=\/wp\/v2\/pages"}],"about":[{"href":"https:\/\/technistub.org\/index.php?rest_route=\/wp\/v2\/types\/page"}],"author":[{"embeddable":true,"href":"https:\/\/technistub.org\/index.php?rest_route=\/wp\/v2\/users\/1"}],"replies":[{"embeddable":true,"href":"https:\/\/technistub.org\/index.php?rest_route=%2Fwp%2Fv2%2Fcomments&post=511"}],"version-history":[{"count":22,"href":"https:\/\/technistub.org\/index.php?rest_route=\/wp\/v2\/pages\/511\/revisions"}],"predecessor-version":[{"id":3662,"href":"https:\/\/technistub.org\/index.php?rest_route=\/wp\/v2\/pages\/511\/revisions\/3662"}],"wp:attachment":[{"href":"https:\/\/technistub.org\/index.php?rest_route=%2Fwp%2Fv2%2Fmedia&parent=511"}],"curies":[{"name":"wp","href":"https:\/\/api.w.org\/{rel}","templated":true}]}}